{"id":347,"date":"2018-03-28T17:25:22","date_gmt":"2018-03-28T17:25:22","guid":{"rendered":"http:\/\/www.utn.edu.ec\/cultura\/?page_id=347"},"modified":"2018-03-30T19:05:56","modified_gmt":"2018-03-30T19:05:56","slug":"taller-de-instrumentos-andinos","status":"publish","type":"page","link":"https:\/\/cultura.utn.edu.ec\/index.php\/taller-de-instrumentos-andinos\/","title":{"rendered":"Taller de Instrumentos Andinos"},"content":{"rendered":"<h2>GRUPO JUVENIL UTN<\/h2>\n<p style=\"text-align: justify;\">Cultura, aquello que nos diferencia de una manera territorial, es decir, geogr\u00e1ficamente ya que cada pa\u00eds o regi\u00f3n del mundo tiene aquel detalle muy particular en las costumbres o comportamientos de sus habitantes, entre todas esas caracter\u00edsticas se encuentra tambi\u00e9n la m\u00fasica, dentro de la evoluci\u00f3n de cada continente podemos distinguir diferentes materiales, instrumentos y estilos de sonidos y melod\u00edas. Este taller se cre\u00f3 con el objetivo de incentivar a la juventud universitaria a rescatar y exponer junto con la vinculaci\u00f3n de la comunidad Imbabure\u00f1a, la riqueza de los diversos g\u00e9neros musicales que ofrece nuestro pa\u00eds.<\/p>\n<p><img loading=\"lazy\" decoding=\"async\" class=\"aligncenter size-medium wp-image-379\" src=\"http:\/\/www.utn.edu.ec\/cultura\/wp-content\/uploads\/2018\/03\/juvenilUTN-300x121.jpg\" alt=\"\" width=\"300\" height=\"121\" srcset=\"https:\/\/cultura.utn.edu.ec\/wp-content\/uploads\/2018\/03\/juvenilUTN-300x121.jpg 300w, https:\/\/cultura.utn.edu.ec\/wp-content\/uploads\/2018\/03\/juvenilUTN.jpg 556w\" sizes=\"auto, (max-width: 300px) 100vw, 300px\" \/><\/p>\n<h2>GRUPO DE M\u00daSICA DOCENTES UTN<\/h2>\n<p style=\"text-align: justify;\">SE COMPRENDE POR: Viol\u00edn, Bandol\u00edn, Guitarra, Charango Este taller se cre\u00f3 el a\u00f1o 2011. Para cumplir con el objetivo de Integrar a los estudiantes de nuestra universidad y de otras instituciones Educativas a los diferentes grupos de expresi\u00f3n art\u00edstica que maneja la UTN, en esta caso los grupos de m\u00fasica. Juvenil UTN -Infantil UTN y de M\u00fasica Folkl\u00f3rica. En \u00e9l participan ni\u00f1os, j\u00f3venes y adultos desde los 6 a\u00f1os hasta. Los 25 Provenientes de distintos establecimientos educativos de la ciudad.<\/p>\n<p><img loading=\"lazy\" decoding=\"async\" class=\"aligncenter size-medium wp-image-380\" src=\"http:\/\/www.utn.edu.ec\/cultura\/wp-content\/uploads\/2018\/03\/musicadocentes-300x200.jpg\" alt=\"\" width=\"300\" height=\"200\" srcset=\"https:\/\/cultura.utn.edu.ec\/wp-content\/uploads\/2018\/03\/musicadocentes-300x200.jpg 300w, https:\/\/cultura.utn.edu.ec\/wp-content\/uploads\/2018\/03\/musicadocentes.jpg 480w\" sizes=\"auto, (max-width: 300px) 100vw, 300px\" \/><\/p>\n<p>\u00a9 Darwin Becerra Taller de Instrumentos Andinos UTN.<\/p>\n","protected":false},"excerpt":{"rendered":"<p>GRUPO JUVENIL UTN Cultura, aquello que nos diferencia de una manera territorial, es decir, geogr\u00e1ficamente ya que cada pa\u00eds o regi\u00f3n del mundo tiene aquel detalle muy particular en las costumbres o<a class=\"moretag\" href=\"https:\/\/cultura.utn.edu.ec\/index.php\/taller-de-instrumentos-andinos\/\">Leer m\u00e1s&#8230;<\/a><\/p>\n","protected":false},"author":2,"featured_media":0,"parent":0,"menu_order":0,"comment_status":"closed","ping_status":"closed","template":"","meta":{"footnotes":""},"class_list":["post-347","page","type-page","status-publish","hentry"],"_links":{"self":[{"href":"https:\/\/cultura.utn.edu.ec\/index.php\/wp-json\/wp\/v2\/pages\/347","targetHints":{"allow":["GET"]}}],"collection":[{"href":"https:\/\/cultura.utn.edu.ec\/index.php\/wp-json\/wp\/v2\/pages"}],"about":[{"href":"https:\/\/cultura.utn.edu.ec\/index.php\/wp-json\/wp\/v2\/types\/page"}],"author":[{"embeddable":true,"href":"https:\/\/cultura.utn.edu.ec\/index.php\/wp-json\/wp\/v2\/users\/2"}],"replies":[{"embeddable":true,"href":"https:\/\/cultura.utn.edu.ec\/index.php\/wp-json\/wp\/v2\/comments?post=347"}],"version-history":[{"count":3,"href":"https:\/\/cultura.utn.edu.ec\/index.php\/wp-json\/wp\/v2\/pages\/347\/revisions"}],"predecessor-version":[{"id":381,"href":"https:\/\/cultura.utn.edu.ec\/index.php\/wp-json\/wp\/v2\/pages\/347\/revisions\/381"}],"wp:attachment":[{"href":"https:\/\/cultura.utn.edu.ec\/index.php\/wp-json\/wp\/v2\/media?parent=347"}],"curies":[{"name":"wp","href":"https:\/\/api.w.org\/{rel}","templated":true}]}}

<h2>GRUPO JUVENIL UTN</h2>
<p style="text-align: justify;">Cultura, aquello que nos diferencia de una manera territorial, es decir, geográficamente ya que cada país o región del mundo tiene aquel detalle muy particular en las costumbres o comportamientos de sus habitantes, entre todas esas características se encuentra también la música, dentro de la evolución de cada continente podemos distinguir diferentes materiales, instrumentos y estilos de sonidos y melodías. Este taller se creó con el objetivo de incentivar a la juventud universitaria a rescatar y exponer junto con la vinculación de la comunidad Imbabureña, la riqueza de los diversos géneros musicales que ofrece nuestro país.</p>
<p><img loading="lazy" decoding="async" class="aligncenter size-medium wp-image-379" src="http://www.utn.edu.ec/cultura/wp-content/uploads/2018/03/juvenilUTN-300x121.jpg" alt="" width="300" height="121" srcset="https://cultura.utn.edu.ec/wp-content/uploads/2018/03/juvenilUTN-300x121.jpg 300w, https://cultura.utn.edu.ec/wp-content/uploads/2018/03/juvenilUTN.jpg 556w" sizes="auto, (max-width: 300px) 100vw, 300px" /></p>
<h2>GRUPO DE MÚSICA DOCENTES UTN</h2>
<p style="text-align: justify;">SE COMPRENDE POR: Violín, Bandolín, Guitarra, Charango Este taller se creó el año 2011. Para cumplir con el objetivo de Integrar a los estudiantes de nuestra universidad y de otras instituciones Educativas a los diferentes grupos de expresión artística que maneja la UTN, en esta caso los grupos de música. Juvenil UTN -Infantil UTN y de Música Folklórica. En él participan niños, jóvenes y adultos desde los 6 años hasta. Los 25 Provenientes de distintos establecimientos educativos de la ciudad.</p>
<p><img loading="lazy" decoding="async" class="aligncenter size-medium wp-image-380" src="http://www.utn.edu.ec/cultura/wp-content/uploads/2018/03/musicadocentes-300x200.jpg" alt="" width="300" height="200" srcset="https://cultura.utn.edu.ec/wp-content/uploads/2018/03/musicadocentes-300x200.jpg 300w, https://cultura.utn.edu.ec/wp-content/uploads/2018/03/musicadocentes.jpg 480w" sizes="auto, (max-width: 300px) 100vw, 300px" /></p>
<p>© Darwin Becerra Taller de Instrumentos Andinos UTN.</p>

<p>GRUPO JUVENIL UTN Cultura, aquello que nos diferencia de una manera territorial, es decir, geográficamente ya que cada país o región del mundo tiene aquel detalle muy particular en las costumbres o<a class="moretag" href="https://cultura.utn.edu.ec/index.php/taller-de-instrumentos-andinos/">Leer más&#8230;</a></p>
