{"id":228,"date":"2018-03-23T20:45:04","date_gmt":"2018-03-23T20:45:04","guid":{"rendered":"http:\/\/www.utn.edu.ec\/cultura\/?page_id=228"},"modified":"2018-03-25T01:48:15","modified_gmt":"2018-03-25T01:48:15","slug":"jovenes-del-ayer","status":"publish","type":"page","link":"https:\/\/cultura.utn.edu.ec\/index.php\/laboratorios-cudic\/jovenes-del-ayer\/","title":{"rendered":"J\u00f3venes del Ayer"},"content":{"rendered":"<p style=\"text-align: justify;\">La juventud no es la edad, es la actitud hacia la vida. Con esta filosof\u00eda, el \u00a0Grupo de Danza \u201cJ\u00f3venes del Ayer\u201d, \u00a0surgi\u00f3 el 15 de julio del a\u00f1o 2001\u00a0 con la inspiraci\u00f3n de sus fundadoras, Marujita y Margarita Villalba, Mar\u00eca Fraga, y Magolita Acosta, bajo el impulso invalorable del Dr. Marco Gudi\u00f1o.<\/p>\n<p style=\"text-align: justify;\">Este grupo de danza \u00a0ya emblem\u00e1tico surgi\u00f3 como resultado de las amenas tertulias que manten\u00edan las se\u00f1oras jubiladas que asist\u00edan a las reuniones del Seguro social. Fruto de esas conversaciones se plantean la pregunta: \u00bfQu\u00e9 nos impide hacer las cosas que m\u00e1s nos gusta?, salvo las barreras que nos ponemos nosotras mismas. \u201c\u00bfQu\u00e9 tal si nos reunimos para no solo conversar, sino tambi\u00e9n bailar? &#8230; De ese modo no solo nos recreamos f\u00edsica y mentalmente, sino que\u00a0 podr\u00edamos aportar a la salud de los dem\u00e1s, contagi\u00e1ndoles el esp\u00edritu positivo que genera el baile y damos ejemplo a la juventud de que cuando se quiere, todo se puede\u201d. Luego de varias deliberaciones se decide formar un Grupo de Danza, al mismo que denominaron \u201cJ\u00f3venes del Ayer\u201d, pues, aunque ya hab\u00edan remontado la edad de la jubilaci\u00f3n, sus integrantes segu\u00edan siendo eternamente j\u00f3venes.<\/p>\n<p><img loading=\"lazy\" decoding=\"async\" class=\"alignnone size-medium wp-image-258\" src=\"http:\/\/www.utn.edu.ec\/cultura\/wp-content\/uploads\/2018\/03\/j\u00f3venes-delayer-300x200.jpeg\" alt=\"\" width=\"300\" height=\"200\" srcset=\"https:\/\/cultura.utn.edu.ec\/wp-content\/uploads\/2018\/03\/j\u00f3venes-delayer-300x200.jpeg 300w, https:\/\/cultura.utn.edu.ec\/wp-content\/uploads\/2018\/03\/j\u00f3venes-delayer-768x512.jpeg 768w, https:\/\/cultura.utn.edu.ec\/wp-content\/uploads\/2018\/03\/j\u00f3venes-delayer-1024x682.jpeg 1024w, https:\/\/cultura.utn.edu.ec\/wp-content\/uploads\/2018\/03\/j\u00f3venes-delayer.jpeg 1280w\" sizes=\"auto, (max-width: 300px) 100vw, 300px\" \/><\/p>\n<p style=\"text-align: justify;\">Se trazaron un objetivo: \u201cRecrear la mente, el cuerpo y el esp\u00edritu a trav\u00e9s del baile\u201d\u2026la meta estaba claramente definida. Con el apoyo de sus esposos, sus hijos, sus nietos, sus amigos, Etc. emprendieron esta maravillosa aventura.<\/p>\n<p style=\"text-align: justify;\">El Grupo \u201cJ\u00f3venes del Ayer\u201d inici\u00f3 una etapa de fortalecimiento con mi ingreso y el de otras compa\u00f1eras, el ritmo de trabajo se aceler\u00f3 imponi\u00e9ndonos nuevos horarios para los ensayos, as\u00ed como para el montaje de complejas coreograf\u00edas.<\/p>\n<p style=\"text-align: justify;\">En esta nueva etapa, el grupo pasa a formar parte de los Grupos de Expresi\u00f3n Cultural Vinculados de la UTN trabajando coreograf\u00edas de diverso g\u00e9nero como pasacalles, albazos, reguet\u00f3n,\u00a0 Bachata, tango, rock, san Juanito, baladas, etc. que nadie pensar\u00eda que, al ser ritmos de \u00faltima generaci\u00f3n, puedan ser interpretados con destreza e identidad, incluso fusionando en un solo baile hasta tres ritmos totalmente diferentes.<\/p>\n<p style=\"text-align: justify;\">Al ser el Grupo J\u00f3venes del Ayer un grupo vinculado de la UTN, ensayamos todos los d\u00edas en\u00a0 el edificio del antiguo hospital San Vicente de Pa\u00fal de esta universidad, gracias a lo\u00a0 hemos realizado presentaciones en casi todas las ciudades del norte del pa\u00eds, siendo las m\u00e1s destacadas en San Gabriel, Caldera, San Vicente de Pusir, Chuga, Pe\u00f1aherrera, Los Andes, La Paz, los pregones de Otavalo, Cotacachi e Ibarra, , Pablo Arenas, Quichinche, Chaltura, Antonio Ante, Natabuela, San Antonio, Andrade Mar\u00edn, Mira, \u00c1ngel, Ambuqui y diferentes Ancianatos de Imbabura.<\/p>\n<p style=\"text-align: justify;\">En la actualidad, somos 20 las integrantes y trabajamos bajo la direcci\u00f3n del core\u00f3grafo\u00a0 Fabi\u00e1n Moreta. En caso de necesitar contactarse con este elenco, la ciudadan\u00eda puede llamar al n\u00famero\u00a0 0998087798 de Elena Cuasapud.<\/p>\n<p>\u00a9 Amparito Cabrera Coordinadora CUDIC-UTN.<\/p>\n","protected":false},"excerpt":{"rendered":"<p>La juventud no es la edad, es la actitud hacia la vida. Con esta filosof\u00eda, el \u00a0Grupo de Danza \u201cJ\u00f3venes del Ayer\u201d, \u00a0surgi\u00f3 el 15 de julio del a\u00f1o 2001\u00a0 con la<a class=\"moretag\" href=\"https:\/\/cultura.utn.edu.ec\/index.php\/laboratorios-cudic\/jovenes-del-ayer\/\">Leer m\u00e1s&#8230;<\/a><\/p>\n","protected":false},"author":2,"featured_media":0,"parent":10,"menu_order":0,"comment_status":"closed","ping_status":"closed","template":"","meta":{"footnotes":""},"class_list":["post-228","page","type-page","status-publish","hentry"],"_links":{"self":[{"href":"https:\/\/cultura.utn.edu.ec\/index.php\/wp-json\/wp\/v2\/pages\/228","targetHints":{"allow":["GET"]}}],"collection":[{"href":"https:\/\/cultura.utn.edu.ec\/index.php\/wp-json\/wp\/v2\/pages"}],"about":[{"href":"https:\/\/cultura.utn.edu.ec\/index.php\/wp-json\/wp\/v2\/types\/page"}],"author":[{"embeddable":true,"href":"https:\/\/cultura.utn.edu.ec\/index.php\/wp-json\/wp\/v2\/users\/2"}],"replies":[{"embeddable":true,"href":"https:\/\/cultura.utn.edu.ec\/index.php\/wp-json\/wp\/v2\/comments?post=228"}],"version-history":[{"count":5,"href":"https:\/\/cultura.utn.edu.ec\/index.php\/wp-json\/wp\/v2\/pages\/228\/revisions"}],"predecessor-version":[{"id":282,"href":"https:\/\/cultura.utn.edu.ec\/index.php\/wp-json\/wp\/v2\/pages\/228\/revisions\/282"}],"up":[{"embeddable":true,"href":"https:\/\/cultura.utn.edu.ec\/index.php\/wp-json\/wp\/v2\/pages\/10"}],"wp:attachment":[{"href":"https:\/\/cultura.utn.edu.ec\/index.php\/wp-json\/wp\/v2\/media?parent=228"}],"curies":[{"name":"wp","href":"https:\/\/api.w.org\/{rel}","templated":true}]}}