{"id":184,"date":"2018-03-21T19:26:07","date_gmt":"2018-03-21T19:26:07","guid":{"rendered":"http:\/\/www.utn.edu.ec\/cultura\/?page_id=184"},"modified":"2018-03-30T23:56:55","modified_gmt":"2018-03-30T23:56:55","slug":"taller-de-danzas-tradicionales","status":"publish","type":"page","link":"https:\/\/cultura.utn.edu.ec\/index.php\/taller-de-danzas-tradicionales\/","title":{"rendered":"Taller de Danzas Tradicionales"},"content":{"rendered":"<p style=\"text-align: justify;\">Este grupo se cre\u00f3 el a\u00f1o 1986 para cumplir con el objetivo de Desarrollar, Promover, Defender, Difundir y Promocionar la Cultura Ecuatoriana y para formas j\u00f3venes con criterio relacionados al campo de la Danza Ecuatoriana. En \u00e9l participan j\u00f3venes de nivel Secundario, Universitario y vinculado desde los 13 a\u00f1os en adelante provenientes de diferentes Instituciones educativos de la ciudad.<\/p>\n<p><img loading=\"lazy\" decoding=\"async\" class=\"aligncenter size-medium wp-image-299\" src=\"http:\/\/www.utn.edu.ec\/cultura\/wp-content\/uploads\/2018\/03\/tradicionalesG-300x159.jpg\" alt=\"\" width=\"300\" height=\"159\" srcset=\"https:\/\/cultura.utn.edu.ec\/wp-content\/uploads\/2018\/03\/tradicionalesG-300x159.jpg 300w, https:\/\/cultura.utn.edu.ec\/wp-content\/uploads\/2018\/03\/tradicionalesG-768x407.jpg 768w, https:\/\/cultura.utn.edu.ec\/wp-content\/uploads\/2018\/03\/tradicionalesG-1024x542.jpg 1024w\" sizes=\"auto, (max-width: 300px) 100vw, 300px\" \/><\/p>\n<h2><strong>Taller de Danzas Tradicionales Infantil<\/strong><\/h2>\n<p style=\"text-align: justify;\">Este grupo se cre\u00f3 el a\u00f1o 1995 para cumplir con el objetivo de formar ni\u00f1os y ni\u00f1as para un desarrollo intelectual a su persona y para dar a conocer las diferentes manifestaciones de nuestros Pueblos en \u00e9l participan ni\u00f1os y ni\u00f1as desde los 7 a\u00f1os hasta 12 provenientes de distintos establecimientos educativos de la ciudad.<\/p>\n<p><img loading=\"lazy\" decoding=\"async\" class=\"aligncenter size-medium wp-image-300\" src=\"http:\/\/www.utn.edu.ec\/cultura\/wp-content\/uploads\/2018\/03\/tradicionalesp-300x273.jpg\" alt=\"\" width=\"300\" height=\"273\" srcset=\"https:\/\/cultura.utn.edu.ec\/wp-content\/uploads\/2018\/03\/tradicionalesp-300x273.jpg 300w, https:\/\/cultura.utn.edu.ec\/wp-content\/uploads\/2018\/03\/tradicionalesp.jpg 424w\" sizes=\"auto, (max-width: 300px) 100vw, 300px\" \/><\/p>\n<p>\u00a9\u00a0Maestro Ramiro Males<\/p>\n","protected":false},"excerpt":{"rendered":"<p>Este grupo se cre\u00f3 el a\u00f1o 1986 para cumplir con el objetivo de Desarrollar, Promover, Defender, Difundir y Promocionar la Cultura Ecuatoriana y para formas j\u00f3venes con criterio relacionados al campo de<a class=\"moretag\" href=\"https:\/\/cultura.utn.edu.ec\/index.php\/taller-de-danzas-tradicionales\/\">Leer m\u00e1s&#8230;<\/a><\/p>\n","protected":false},"author":2,"featured_media":0,"parent":0,"menu_order":0,"comment_status":"closed","ping_status":"closed","template":"","meta":{"footnotes":""},"class_list":["post-184","page","type-page","status-publish","hentry"],"_links":{"self":[{"href":"https:\/\/cultura.utn.edu.ec\/index.php\/wp-json\/wp\/v2\/pages\/184","targetHints":{"allow":["GET"]}}],"collection":[{"href":"https:\/\/cultura.utn.edu.ec\/index.php\/wp-json\/wp\/v2\/pages"}],"about":[{"href":"https:\/\/cultura.utn.edu.ec\/index.php\/wp-json\/wp\/v2\/types\/page"}],"author":[{"embeddable":true,"href":"https:\/\/cultura.utn.edu.ec\/index.php\/wp-json\/wp\/v2\/users\/2"}],"replies":[{"embeddable":true,"href":"https:\/\/cultura.utn.edu.ec\/index.php\/wp-json\/wp\/v2\/comments?post=184"}],"version-history":[{"count":4,"href":"https:\/\/cultura.utn.edu.ec\/index.php\/wp-json\/wp\/v2\/pages\/184\/revisions"}],"predecessor-version":[{"id":395,"href":"https:\/\/cultura.utn.edu.ec\/index.php\/wp-json\/wp\/v2\/pages\/184\/revisions\/395"}],"wp:attachment":[{"href":"https:\/\/cultura.utn.edu.ec\/index.php\/wp-json\/wp\/v2\/media?parent=184"}],"curies":[{"name":"wp","href":"https:\/\/api.w.org\/{rel}","templated":true}]}}

<p style="text-align: justify;">Este grupo se creó el año 1986 para cumplir con el objetivo de Desarrollar, Promover, Defender, Difundir y Promocionar la Cultura Ecuatoriana y para formas jóvenes con criterio relacionados al campo de la Danza Ecuatoriana. En él participan jóvenes de nivel Secundario, Universitario y vinculado desde los 13 años en adelante provenientes de diferentes Instituciones educativos de la ciudad.</p>
<p><img loading="lazy" decoding="async" class="aligncenter size-medium wp-image-299" src="http://www.utn.edu.ec/cultura/wp-content/uploads/2018/03/tradicionalesG-300x159.jpg" alt="" width="300" height="159" srcset="https://cultura.utn.edu.ec/wp-content/uploads/2018/03/tradicionalesG-300x159.jpg 300w, https://cultura.utn.edu.ec/wp-content/uploads/2018/03/tradicionalesG-768x407.jpg 768w, https://cultura.utn.edu.ec/wp-content/uploads/2018/03/tradicionalesG-1024x542.jpg 1024w" sizes="auto, (max-width: 300px) 100vw, 300px" /></p>
<h2><strong>Taller de Danzas Tradicionales Infantil</strong></h2>
<p style="text-align: justify;">Este grupo se creó el año 1995 para cumplir con el objetivo de formar niños y niñas para un desarrollo intelectual a su persona y para dar a conocer las diferentes manifestaciones de nuestros Pueblos en él participan niños y niñas desde los 7 años hasta 12 provenientes de distintos establecimientos educativos de la ciudad.</p>
<p><img loading="lazy" decoding="async" class="aligncenter size-medium wp-image-300" src="http://www.utn.edu.ec/cultura/wp-content/uploads/2018/03/tradicionalesp-300x273.jpg" alt="" width="300" height="273" srcset="https://cultura.utn.edu.ec/wp-content/uploads/2018/03/tradicionalesp-300x273.jpg 300w, https://cultura.utn.edu.ec/wp-content/uploads/2018/03/tradicionalesp.jpg 424w" sizes="auto, (max-width: 300px) 100vw, 300px" /></p>
<p>© Maestro Ramiro Males</p>

<p>Este grupo se creó el año 1986 para cumplir con el objetivo de Desarrollar, Promover, Defender, Difundir y Promocionar la Cultura Ecuatoriana y para formas jóvenes con criterio relacionados al campo de<a class="moretag" href="https://cultura.utn.edu.ec/index.php/taller-de-danzas-tradicionales/">Leer más&#8230;</a></p>
