{"id":176,"date":"2018-03-21T19:23:19","date_gmt":"2018-03-21T19:23:19","guid":{"rendered":"http:\/\/www.utn.edu.ec\/cultura\/?page_id=176"},"modified":"2018-03-30T23:55:07","modified_gmt":"2018-03-30T23:55:07","slug":"taller-baile-de-salon","status":"publish","type":"page","link":"https:\/\/cultura.utn.edu.ec\/index.php\/taller-baile-de-salon\/","title":{"rendered":"Taller Baile de Sal\u00f3n"},"content":{"rendered":"<p style=\"text-align: justify;\">Este taller se cre\u00f3 en el a\u00f1o 2011 para cumplir con el objetivo de promover la cultura latinoamericana a trav\u00e9s de los ritmos tropicales y de sal\u00f3n tales como: salsa, merengue, tango, flamenco, bachata, rumba bolero, reguet\u00f3n etc. En \u00e9l participan j\u00f3venes estudiantes de diferentes carreras de la UTN y personas provenientes de distintos establecimientos educativos de la ciudad, desde los 16 a\u00f1os hasta 30 a\u00f1os.<\/p>\n<p><img loading=\"lazy\" decoding=\"async\" class=\"aligncenter size-medium wp-image-288\" src=\"http:\/\/www.utn.edu.ec\/cultura\/wp-content\/uploads\/2018\/03\/salon-300x200.jpg\" alt=\"\" width=\"300\" height=\"200\" srcset=\"https:\/\/cultura.utn.edu.ec\/wp-content\/uploads\/2018\/03\/salon-300x200.jpg 300w, https:\/\/cultura.utn.edu.ec\/wp-content\/uploads\/2018\/03\/salon-768x511.jpg 768w, https:\/\/cultura.utn.edu.ec\/wp-content\/uploads\/2018\/03\/salon.jpg 960w\" sizes=\"auto, (max-width: 300px) 100vw, 300px\" \/><\/p>\n<h2><strong>Taller Baby-Sal\u00f3n<\/strong><\/h2>\n<p style=\"text-align: justify;\">Este taller se cre\u00f3 el 27 de febrero del 2015 para cumplir con el objetivo de promover ritmos tropicales que le ayuden al desarrollo integral y la motricidad para mejorar la coordinaci\u00f3n y concentraci\u00f3n de su crecimiento diario. Son estudiantes vinculados de diferentes planteles educativos de la ciudad de Ibarra y la edad es desde los 5 hasta los 11 a\u00f1os.<\/p>\n<p><img loading=\"lazy\" decoding=\"async\" class=\"aligncenter size-medium wp-image-289\" src=\"http:\/\/www.utn.edu.ec\/cultura\/wp-content\/uploads\/2018\/03\/salon2-276x300.jpg\" alt=\"\" width=\"276\" height=\"300\" srcset=\"https:\/\/cultura.utn.edu.ec\/wp-content\/uploads\/2018\/03\/salon2-276x300.jpg 276w, https:\/\/cultura.utn.edu.ec\/wp-content\/uploads\/2018\/03\/salon2.jpg 308w\" sizes=\"auto, (max-width: 276px) 100vw, 276px\" \/><\/p>\n<p>\u00a9<strong>\u00a0<\/strong>Lic. Miguel Nazareno<\/p>\n","protected":false},"excerpt":{"rendered":"<p>Este taller se cre\u00f3 en el a\u00f1o 2011 para cumplir con el objetivo de promover la cultura latinoamericana a trav\u00e9s de los ritmos tropicales y de sal\u00f3n tales como: salsa, merengue, tango,<a class=\"moretag\" href=\"https:\/\/cultura.utn.edu.ec\/index.php\/taller-baile-de-salon\/\">Leer m\u00e1s&#8230;<\/a><\/p>\n","protected":false},"author":2,"featured_media":0,"parent":0,"menu_order":0,"comment_status":"closed","ping_status":"closed","template":"","meta":{"footnotes":""},"class_list":["post-176","page","type-page","status-publish","hentry"],"_links":{"self":[{"href":"https:\/\/cultura.utn.edu.ec\/index.php\/wp-json\/wp\/v2\/pages\/176","targetHints":{"allow":["GET"]}}],"collection":[{"href":"https:\/\/cultura.utn.edu.ec\/index.php\/wp-json\/wp\/v2\/pages"}],"about":[{"href":"https:\/\/cultura.utn.edu.ec\/index.php\/wp-json\/wp\/v2\/types\/page"}],"author":[{"embeddable":true,"href":"https:\/\/cultura.utn.edu.ec\/index.php\/wp-json\/wp\/v2\/users\/2"}],"replies":[{"embeddable":true,"href":"https:\/\/cultura.utn.edu.ec\/index.php\/wp-json\/wp\/v2\/comments?post=176"}],"version-history":[{"count":4,"href":"https:\/\/cultura.utn.edu.ec\/index.php\/wp-json\/wp\/v2\/pages\/176\/revisions"}],"predecessor-version":[{"id":394,"href":"https:\/\/cultura.utn.edu.ec\/index.php\/wp-json\/wp\/v2\/pages\/176\/revisions\/394"}],"wp:attachment":[{"href":"https:\/\/cultura.utn.edu.ec\/index.php\/wp-json\/wp\/v2\/media?parent=176"}],"curies":[{"name":"wp","href":"https:\/\/api.w.org\/{rel}","templated":true}]}}

Taller Baile de Salón

<p style="text-align: justify;">Este taller se creó en el año 2011 para cumplir con el objetivo de promover la cultura latinoamericana a través de los ritmos tropicales y de salón tales como: salsa, merengue, tango, flamenco, bachata, rumba bolero, reguetón etc. En él participan jóvenes estudiantes de diferentes carreras de la UTN y personas provenientes de distintos establecimientos educativos de la ciudad, desde los 16 años hasta 30 años.</p>
<p><img loading="lazy" decoding="async" class="aligncenter size-medium wp-image-288" src="http://www.utn.edu.ec/cultura/wp-content/uploads/2018/03/salon-300x200.jpg" alt="" width="300" height="200" srcset="https://cultura.utn.edu.ec/wp-content/uploads/2018/03/salon-300x200.jpg 300w, https://cultura.utn.edu.ec/wp-content/uploads/2018/03/salon-768x511.jpg 768w, https://cultura.utn.edu.ec/wp-content/uploads/2018/03/salon.jpg 960w" sizes="auto, (max-width: 300px) 100vw, 300px" /></p>
<h2><strong>Taller Baby-Salón</strong></h2>
<p style="text-align: justify;">Este taller se creó el 27 de febrero del 2015 para cumplir con el objetivo de promover ritmos tropicales que le ayuden al desarrollo integral y la motricidad para mejorar la coordinación y concentración de su crecimiento diario. Son estudiantes vinculados de diferentes planteles educativos de la ciudad de Ibarra y la edad es desde los 5 hasta los 11 años.</p>
<p><img loading="lazy" decoding="async" class="aligncenter size-medium wp-image-289" src="http://www.utn.edu.ec/cultura/wp-content/uploads/2018/03/salon2-276x300.jpg" alt="" width="276" height="300" srcset="https://cultura.utn.edu.ec/wp-content/uploads/2018/03/salon2-276x300.jpg 276w, https://cultura.utn.edu.ec/wp-content/uploads/2018/03/salon2.jpg 308w" sizes="auto, (max-width: 276px) 100vw, 276px" /></p>
<p>©<strong> </strong>Lic. Miguel Nazareno</p>

<p>Este taller se creó en el año 2011 para cumplir con el objetivo de promover la cultura latinoamericana a través de los ritmos tropicales y de salón tales como: salsa, merengue, tango,<a class="moretag" href="https://cultura.utn.edu.ec/index.php/taller-baile-de-salon/">Leer más&#8230;</a></p>
